base 2?
-10
What is -1 (base 4) in base 14?
-1
104 (base 11) to base 10
125
Convert -3b (base 12) to base 13.
-38
Convert 68 (base 10) to base 12.
58
-28 (base 12) to base 10
-32
77 (base 15) to base 6
304
What is -151 (base 6) in base 15?
-47
What is 67 (base 10) in base 15?
47
-15 (base 11) to base 14
-12
-3 (base 13) to base 7
-3
Convert -2 (base 4) to base 15.
-2
-20 (base 7) to base 10
-14
What is -75 (base 9) in base 13?
-53
-100 (base 2) to base 13
-4
-73 (base 14) to base 2
-1100101
Convert -122 (base 4) to base 2.
-11010
What is -2 (base 16) in base 6?
-2
What is -1 (base 4) in base 14?
-1
26 (base 15) to base 3
1100
What is 1 (base 16) in base 6?
1
-6b (base 15) to base 14
-73
8 (base 15) to base 9
8
-3 (base 8) to base 10
-3
-1 (base 4) to base 8
-1
-2 (base 6) to base 2
-10
What is -a7 (base 13) in base 3?
-12002
-17a (base 12) to base 15
-10d
Convert 112 (base 5) to base 10.
32
Convert 68 (base 15) to base 11.
8a
Convert -44 (base 8) to base 9.
-40
Convert -3 (base 11) to base 9.
-3
Convert -204 (base 10) to base 14.
-108
-25 (base 9) to base 16
-17
What is 13 (base 8) in base 10?
11
What is 200 (base 4) in base 8?
40
2212 (base 3) to base 4
1031
What is -1a (base 13) in base 12?
-1b
What is 6 (base 14) in base 10?
6
What is 12 (base 16) in base 3?
200
Convert 0 (base 16) to base 11.
0
Convert 41 (base 8) to base 4.
201
34 (base 15) to base 9
54
Convert 165 (base 13) to base 3.
100100
What is 13 (base 7) in base 12?
a
-4 (base 8) to base 2
-100
Convert 3 (base 5) to base 15.
3
Convert 27 (base 8) to base 6.
35
-2 (base 3) to base 13
-2
What is -101 (base 2) in base 8?
-5
What is 10 (base 2) in base 5?
2
What is 30 (base 14) in base 7?
60
b (base 14) to base 12
b
Convert 3c (base 15) to base 5.
212
-10 (base 4) to base 14
-4
Convert -142 (base 12) to base 4.
-3002
Convert 2 (base 16) to base 13.
2
4 (base 5) to base 9
4
What is 11 (base 16) in base 6?
25
-220 (base 6) to base 16
-54
Convert 3 (base 11) to base 7.
3
Convert -28 (base 12) to base 6.
-52
Convert -15 (base 11) to base 12.
-14
-2102 (base 3) to base 9
-72
What is 23 (base 12) in base 3?
1000
Convert -1303 (base 4) to base 12.
-97
Convert de (base 16) to base 12.
166
Convert -53 (base 6) to base 15.
-23
What is -7 (base 16) in base 12?
-7
-25 (base 13) to base 8
-37
What is -110 (base 2) in base 16?
-6
Convert -4 (base 16) to base 13.
-4
3 (base 15) to base 5
3
What is 114 (base 14) in base 2?
11010110
Convert 0 (base 4) to base 5.
0
Convert -252 (base 13) to base 15.
-1c0
Convert -200 (base 3) to base 15.
-13
What is 2 (base 10) in base 14?
2
-344 (base 5) to base 9
-120
What is -12 (base 6) in base 10?
-8
What is -142 (base 11) in base 15?
-b2
Convert 64 (base 11) to base 14.
50
What is -9 (base 14) in base 9?
-10
1 (base 10) to base 4
1
Convert 11 (base 3) to base 5.
4
17 (base 16) to base 8
27
What is 2 (base 12) in base 11?
2
Convert 3 (base 4) to base 12.
3
-2 (base 7) to base 12
-2
What is -60 (base 14) in base 9?
-103
What is -10 (base 3) in base 10?
-3
What is -101000 (base 2) in base 6?
-104
What is -b (base 15) in base 5?
-21
Convert -13 (base 9) to base 5.
-22
-1d (base 16) to base 13
-23
What is 2 (base 10) in base 2?
10
What is -1011 (base 2) in base 6?
-15
-10222 (base 3) to base 14
-79
103 (base 6) to base 7
54
Convert -20 (base 6) to base 8.
-14
13 (base 8) to base 5
21
-4 (base 14) to base 12
-4
Convert 4 (base 5) to base 11.
4
Convert -3 (base 13) to base 12.
-3
45 (base 12) to base 11
49
Convert -210 (base 5) to base 16.
-37
20 (base 3) to base 13
6
What is 10 (base 3) in base 5?
3
102 (base 3) to base 8
13
Convert 0 (base 4) to base 9.
0
What is -100 (base 4) in base 15?
-11
4 (base 13) to base 8
4
Convert -3 (base 4) to base 7.
-3
What is -11 (base 6) in base 10?
-7
What is -76 (base 9) in base 10?
-69
162 (base 7) to base 11
85
Convert -6 (base 8) to base 13.
-6
What is 0 (base 13) in base 14?
0
Convert 96 (base 11) to base 10.
105
Convert -100110 (base 2) to base 16.
-26
What is 0 (base 10) in base 4?
0
Convert a (base 15) to base 14.
a
-54 (base 6) to base 5
-114
What is 2120 (base 3) in base 5?
234
Convert 65 (base 12) to base 15.
52
What is 3 (base 10) in base 2?
11
Convert -7 (base 12) to base 10.
-7
7 (base 13) to base 4
13
Convert 2 (base 11) to base 2.
10
Convert 33 (base 11) to base 12.
30
Convert 8 (base 14) to base 15.
8
Convert -445 (base 8) to base 14.
-16d
-1e (base 16) to base 12
-26
-10 (base 13) to base 3
-111
Convert 11 (base 5) to base 15.
6
1 (base 9) to base 12
1
What is 3000 (base 4) in base 15?
cc
14 (base 12) to base 10
16
Convert -31 (base 11) to base 4.
-202
What is -5 (base 7) in base 16?
-5
What is -5 (base 11) in base 2?
-101
What is -22 (base 3) in base 8?
-10
Convert -34 (base 11) to base 16.
-25
3 (base 9) to base 12
3
What is 3 (base 12) in base 15?
3
Convert 208 (base 9) to base 7.
332
What is -35 (base 7) in base 14?
-1c
1 (base 8) to base 10
1
Convert -452 (base 6) to base 14.
-c8
What is 5 (base 13) in base 7?
5
What is -8 (base 16) in base 4?
-20
-144 (base 7) to base 10
-81
Convert 13 (base 4) to base 15.
7
What is 30 (base 6) in base 10?
18
Convert 5 (base 16) to base 6.
5
11001001 (base 2) to base 5
1301
Convert 112 (base 3) to base 4.
32
What is 150 (base 7) in base 2?
1010100
Convert 15 (base 15) to base 3.
202
-22 (base 3) to base 8
-10
Convert 1 (base 5) to base 6.
1
What is -4 (base 8) in base 16?
-4
What is 9 (base 10) in base 7?
12
Convert -b8 (base 14) to base 13.
-c6
Convert -37 (base 8) to base 13.
-25
Convert -3 (base 13) to base 12.
-3
What is -1 (base 9) in base 2?
-1
What is -11001 (base 2) in base 13?
-1c
Convert -13 (base 8) to base 16.
-b
Convert -19 (base 16) to base 14.
-1b
What is 3 (base 11) in base 15?
3
Convert 204 (base 5) to base 13.
42
Convert -35 (base 7) to base 5.
-101
0 (base 4) to base 7
0
Convert 4 (base 6) to base 2.
100
Convert -5 (base 8) to base 5.
-10
Convert 70 (base 12) to base 7.
150
-4 (base 14) to base 4
-10
Convert 120 (base 3) to base 10.
15
Convert -11100 (base 2) to base 15.
-1d
Convert 11 (base 5) to base 2.
110
-2 (base 10) to base 9
-2
-10 (base 3) to base 11
-3
Convert -1 (base 8) to base 3.
-1
Convert -5 (base 8) to base 3.
-12
What is -54 (base 13) in base 9?
-76
What is 11 (base 5) in base 4?
12
Convert -12 (base 14) to base 11.
-15
What is -35 (base 12) in base 7?
-56
-83 (base 12) to base 14
-71
Convert 1 (base 3) to base 12.
1
Convert 4 (base 12) to base 5.
4
Convert 4e (base 15) to base 4.
1022
1 (base 13) to base 12
1
Convert -2 (base 6) to base 15.
-2
-332 (base 4) to base 2
-111110
What is -10 (base 14) in base 6?
-22
6 (base 16) to base 11
6
What is 1 (base 2) in base 6?
1
What is 1000 (base 2) in base 5?
13
1011 (base 2) to base 14
b
What is -114 (base 6) in base 9?
-51
What is -2 (base 14) in base 4?
-2
Convert -31 (base 7) to base 8.
-26
Convert 11211 (base 4) to base 2.
101100101
Convert 6 (base 11) to base 14.
6
Convert 1000001 (base 2) to base 8.
101
-332 (base 7) to base 3
-20022
What is 16 (base 11) in base 7?
23
Convert 71 (base 11) to base 4.
1032
-3 (base 11) to base 9
-3
-416 (base 7) to base 4
-3101
54 (base 6) to base 4
202
110 (base 2) to base 8
6
Convert 0 (base 13) to base 11.
0
Convert 7 (base 13) to base 8.
7
1 (base 14) to base 8
1
Convert 401 (base 7) to base 12.
145
Convert 2 (base 3) to base 5.
2
What is 21 (base 4) in base 3?
100
Convert -5 (base 9) to base 6.
-5
Convert -2 (base 3) to base 6.
-2
Convert -2 (base 9) to base 7.
-2
What is 150 (base 7) in base 4?
1110
What is -4 (base 10) in base 16?
-4
-1 (base 15) to base 5
-1
a9 (base 12) to base 11
108
-71 (base 16) to base 9
-135
-4 (base 16) to base 2
-100
What is -16 (base 12) in base 8?
-22
Convert -3231 (base 4) to base 13.
-153
-6 (base 11) to base 7
-6
0 (base 12) to base 14
0
-2 (base 5) to base 10
-2
Convert 0 (base 9) to base 8.
0
Convert 14 (base 14) to base 12.
16
-4 (base 16) to base 10
-4
What is 34 (base 11) in base 15?
27
-14 (base 7) to base 4
-23
Convert aa (base 15) to base 3.
12221
Convert -23 (base 6) to base 3.
-120
Convert 0 (base 15) to base 5.
0
What is 11 (base 3) in base 11?
4
What is 17 (base 8) in base 3?
120
9 (base 15) to base 3
100
Convert -40 (base 10) to base 2.
-101000
Convert 2 (base 7) to base 13.
2
8 (base 14) to base 16
8
What is